(12 - (3 - 4) - -4) + -9 - 0).
33
What is 18 + -13 + 11 + -4 + 39 + -46?
5
-34 + 139 - (-70 - -114)
61
What is -135 + 1 + (16 - 3) + (-8 - -12 - 3)?
-120
What is the value of (86 - 101) + 62 + 3 + (-3 - -5)?
52
What is (17 - (-20 - -20)) + (-2 - -17)?
32
Calculate (3 - (1 - 9)) + (-57 + 186 - 86).
54
What is -154 + 12 + 66 + -73?
-149
Calculate 0 - -52 - (-17 + 140).
-71
What is the value of 4 - (12 + 2) - (-128 + 129 - (30 - 1))?
18
Evaluate 52 + (-22 - 31) - -62.
61
What is -83 + 27 - -41 - -4?
-11
Calculate (1 - -126) + (3816 - 3939).
4
What is the value of (-375 - -385) + (-8 + 5 - (-4 - -7))?
4
Evaluate 15 + (13 - 44) - (-50 + 0 + 2).
32
66 + 22 + -6 + 7 + -6 + -16
67
What is -22 - (-116 - -106 - (10 + 2))?
0
Calculate (-3 - (11 + -3) - 1) + (-85 - -75 - 29).
-51
100 - (-33 - -7 - -17 - -44)
65
(12 - (43 + -20)) + -2 + 64
51
What is -35 + 18 + -16 + 102 - (11 - -1)?
57
1 + 17 + (-25 - -21) - (-62 - -80)
-4
Calculate -62 + (-20 - -173) + -35.
56
(-386 - -387) + -43 + -4 + 3
-43
What is the value of 1 + 9 - (17 - 28 - (19 + -177 + 17))?
-120
What is -10 + -4 + (-101 - -116) + -8 + 3?
-4
Calculate (-10 - -2) + (-28 - (15 - 23) - -22) + -3.
-9
-21 + (-1 + -8 + 178 + -163 - 18)
-33
(3 - 1 - -30) + (-141 - -149) + 7
47
118 + -120 + (-14 - (-10 + 6) - -93)
81
Evaluate -63 + -16 + 67 - (3 - 76).
61
Evaluate 145 + 14 + 401 + -481.
79
What is the value of 54 + -65 + -55 + 42?
-24
What is the value of -588 + 563 - (7 + (-15 - 2))?
-15
Calculate -83 - (-2 + (-43 - 18)).
-20
What is the value of 323 + -333 - (11 + 10)?
-31
What is the value of -47 + 7 + (-78 - -52)?
-66
What is the value of -1 + -98 + -60 + -3 + 64 + -2 + -2?
-102
What is the value of 7 + (-4 - (8 - 29 - (-1 - 13)))?
10
Evaluate (5 - 11) + 3 + 58 + (2 - 13) + 14.
58
What is the value of 121 + (3 - (27 + 57))?
40
-27 + 50 + 0 + 11 - 5
29
What is 68 + -208 + 67 - (-13 + 0)?
-60
What is -4 - (34 + -70) - 22?
10
9 + (211 - 226 - (-15 + 0 + -1))
10
Evaluate -95 + 65 + 15 + 51.
36
(-30 - -18) + (22 - -3 - -3) + -7 + -21
-12
Calculate 35 - (-70 - (-120 + 1)).
-14
2 - 56 - (-7509 - -7467)
-12
What is (-91 - 115) + 98 - (-15 + (-3 + 6 - 1))?
-95
Calculate -15 + -1 + 1810 + -1787.
7
Evaluate 101 - (29 + -9 + 4 + 37 + -48).
88
Calculate -21 - (-1 + -51 + 23).
8
-11 + -35 + 42 - ((-1 - 0) + -9)
6
What is the value of -8 - (-7 - -4) - (-18 - (-5 - 0) - -9)?
-1
Calculate -118 - ((-18 - -2 - 4) + 24 + -11 + -1).
-110
What is -2 - (4 + 11 + -6 - (40 - -45))?
74
Calculate -102 + 5 + -1 + -1 - (57 + -66).
-90
Evaluate 22 + (-8 - 8) - 49 - -8.
-35
Calculate -55 - (0 - 0) - (-43 + 55 + -30 + 21).
-58
Calculate (33 + 13 - -19) + -82.
-17
Evaluate (-21653 - -21460) + (100 - -1).
-92
What is the value of 60 + 6 - (-11 - (16 + (-19 - -13)))?
87
What is -163 - (-163 + 97 + -37)?
-60
Calculate 14 - (53 - (2 + 18)) - (11 - -5).
-35
-10 + 41 - 8 - (-216 - -177)
62
-2 + (-3 - -38) - (13 - (9 + (-10 - -14)))
33
Calculate -13 - (0 + -7) - 29 - (-21 - -10).
-24
What is the value of -88 + 158 + -60 + 0 + -87?
-77
What is the value of (3 + 33 - 34) + -36?
-34
What is the value of 58 + -2 - (5 + (-15 - 1) + 20)?
47
What is the value of 44 + -6 + 48 + -64 - -91?
113
Calculate 1276 - 1289 - (116 - (0 - 0)) - (-5 + 1).
-125
What is -58 - ((-14 + -3 - -6 - -23) + -4)?
-66
Calculate 22 + (83 - 79) + 54.
80
What is the value of 9 + (-9 - ((7 - 18) + 4)) + 88?
95
Evaluate (30 - -31 - 22 - 19) + (13 - -1).
34
Evaluate 14 + 13 + -46 - (-108 - -136).
-47
What is the value of 26 - (76 + -46) - (-54 - (-4 + 7 - 0))?
53
Evaluate -25 - ((0 - (3 + -15)) + -59).
22
-79 + 67 - (-44 + 0)
32
Evaluate -52 - (93 + 0 - 147).
2
What is the value of -10 - (3 + 5 + (-72 - -63) - 1) - -2?
-6
Calculate -39 - -3 - (78 + -97).
-17
What is the value of 32 + (21 - -75) + -32 - (2 - -15)?
79
-124 + 112 + -139 + 88
-63
What is the value of 5 - (-156 + 151 + (-1 - 8) + 7 - -64)?
-52
What is -43 + -4 + -39 + -3?
-89
Evaluate 0 + -13 + (-6 - 10 - -40).
11
What is 8 + (7 - 36) - (-53 + 22 - 21)?
31
-788 - -835 - (11 + -7 + (0 - -9))
34
What is the value of 35 - (55 + -39 + -1 + 150)?
-130
What is the value of (43 - 44 - (24 - 10)) + 29?
14
Calculate -14 - (-50 + 9) - 26.
1
Calculate -26 + 38 + -5 - -23.
30
5 + 0 - -119 - (977 + -959)
106
Evaluate (-52 - (5 + -22)) + 8.
-27
Evaluate (-49 - (3 + 2)) + (117 - 107 - (2 + -3)).
-43
Evaluate (1 - -1) + (6 - -6) + -20 + -6 - 64.
-76
Evaluate (-4 - 5) + 46 - (455 + -321).
-97
1 + 8 + (816 - 844) + -92 + 0
-111
What is the value of (9 - ((1 - 0 - -2) + -127 + 130)) + 20?
23
What is the value of -14 + (-39 - (-15 + -19)) + (108 - 1)?
88
Evaluate -39 + 139 - 109 - (-14 + (0 - 0)).
5
-17 - (7 - ((120 - 5) + -13)) - 12
66
Calculate -8 - -16 - 34 - (-16 + 18).
-28
Evaluate -9 - (-109 + (38 - -54) + 1 + -2 + 1).
8
What is 20 - (5 + (21 - 5 - 24 - (-5 + -2)))?
16
Evaluate (27 - (-51 + -28)) + -50.
56
What is the value of (-195 - -218) + (-23 - 1) + 129 - 23?
105
Evaluate (-134 - -30) + (136 - 71).
-39
Calculate (26 - 14) + (81 + -53 - (9 + -2)).
33
(-3 - 29) + (242 - 269) - (0 - -6)
-65
32 + 52 - (12 + -3 + -4 + (-6 - -2))
83
Calculate 54 + 1 + (-1 - (-1 - 0)) + 914 + -904.
65
What is (4 - -95) + (-18 - -21) + -33?
69
What is the value of 29 + (46 - -18 - 58)?
35
Calculate -2 + (69 - 29) + (12 - 19).
31
Calculate -51 + (89 - (18 + -41)).
61
Evaluate 101 - (-9 - -4) - ((-5 - 30) + 42).
99
Evaluate -89 + (110 - 144) + (-6 - -4).
-125
Evaluate 15 + (-9 - 1) - (12 + -103 + 4).
92
What is -36 + -151 + 90 + 21?
-76
Evaluate -18 + -39 + 15 + -7.
-49
What is the value of (8 + -34 + 55 - 30) + (54 - -1)?
54
What is the value of (7 - (-1 - 1)) + 252 + (-290 - -123)?
94
What is the value of -16 - (7 + -13 + -14 - (12 - 88))?
-72
Calculate 2 + 1 + 5576 + -5458.
121
What is (134 - (64 + -60)) + -187?
-57
What is the value of -5 - (-63 + 0 + (-1 + 14 - 7))?
52
What is -7 + (31 - (5 + -2 - (-18 + 13 + 2)))?
18
Evaluate -10 + (-8 + 0 + 11 + 6 - (-17 + -18)).
34
Calculate 11 + (1 - 6) + (-151 - -141) - 20.
-24
-26 - (178 - (142 + -56))
-118
What is the value of 6 + (16 - 20) - (-75 + -27 + 22)?
82
What is -2 + -1 - 0 - (-1 - -11) - (-2517 - -2450)?
54
What is 53 + -38 + 2 + -57 + 1 + -9 + 4?
-44
What is 0 - -7 - -98 - (-567 - -597)?
75
What is the value of (-5 - -27) + (1 + -13 - (967 - 974))?
17
Calculate (-36 - (-46 - -2)) + 3 - (106 + (1 - 2)).
-94
(-5 + 64 - 43) + (2 - 32)
-14
61 - (-62 + 99) - (1 + (2 - 1))
22
What is -8 + 5 + -2 + (1 - (-29 + -26))?
51
Calculate -19 + -8 + 1 + -350 + 365.
-11
What is the value of 24 + (-2 - (-23 + (30 - -3)))?
12
(-41 + 139 - 98) + 51
51
What is (151 - 152 - (3 - 4)) + (-1 - 13)?
-14
What is the value of -44 + (44 - 6) + (28 - -3) - 11?
14
Calculate ((-34 - -5) + 14 - -12) + (-8 - (1 + 1)).
-13
Evaluate -7 - (40 + -54) - (-18 - 0).
25
What is (-76 - (9 - 77)) + -56?
-64
What is -5 - (4 + 11 - (7 - (-15 + -35)))?
37
Evaluate -10 + 0 + (-19 - -87 - 10).
48
-342 + 313 - (-4 - 44)
19
Calculate 38 + (3 - 5) - (-63 + 74).
25
4 + -13 + -5 + 6 + 4 + -10 + 3
-11
What is 3 + 127 + -211 + 75?
-6
What is the value of -23 - (45 - 78 - 11)?
21
Calculate 2 - (2 - (-37 - -14 - (4 - 15)) - -97).
-109
Evaluate 46 + 9 + 1 + -2 + -28 + 11 + 2.
39
-48 - (14 + -22 + -42)
2
What is 1 - -3 - (-58 + (68 - 1)) - -37?
32
Evaluate -10 + (-39 - (12 - 38)).
-23
(-100 - -111) + 50 - (-39 + 2)
98
-48 - (((11 - 12) + 10 - 20) + 12)
-49
10 + 38 + -6 + -128
-86
Calculate (-18 - -8 - (-5 + -3 - -12)) + -79.
-93
Calculate 5 - ((53 - 33) + -28 + 0).
13
Evaluate 254 - -16 - 143 - (3 + -4).
128
What is -11 - ((-2 - -1) + -25) - (20 - (77 - -17))?
89
What is the value of 142 - (33 - (11 - (35 - 22)))?
107
What is the value of -88 + 25 + 163 + (1 - (0 + 2)) + 7?
106
Calculate 35 - 1 - (7331 + -7287).
-10
39 + -1 + 12372 + -12386
24
Evaluate -4501 + 4599 - (133 + 2).
-37
59 + -11 + -27 + 45 - -9
75
What is the value of -4050 + 4027 + -5 + 2 + 105 + 2?
81
What is 16 - (31 + -40 + 11 + 3 + 11)?
0
What is the value of (0 + 3 + -10 + 16 - -3) + -10 + 8?
10
What is -1 + -23 + -14 - (5 - 14 - (-1 - 1))?
-31
Evaluate -81 - -46 - (24 + -8 + 6 + -13).
-44
Evaluate -3 + 10 + -5 + 43 + 1 - -1.
47
Calculate (2151 - 2157) + (26 - 0).
20
What is 90 + -87 - (2 - (6 - -23))?
30
160 - ((-38 - 78) + 222)
54
-21 + (8 - -4) + 3 + 0
-6
What is 1 + -5 + -1 